e c(-4). List the prime factors of d/(-15) + 794/5.
3, 53
Let z be ((-6)/10 - -1) + (-832)/(-320). Suppose -5*y + 5*s = -5, 1 = -4*s + 13. Suppose q - 10 = -y*q, 5*w - 191 = -z*q. List the prime factors of w.
37
Let q = -28 + 36. Let n = -18 + q. What are the prime factors of (1 + -138)*(9 + n)?
137
Suppose -4*d + y + 141 - 144 = 0, -4*y - 7 = 3*d. List the prime factors of d/(-4) - (-21921)/12*1.
3, 7, 29
What are the prime factors of ((-22168)/(-204))/((24/(-9))/(-4))?
163
Let d = 116 + -173. Let v = d - -60. Suppose -t = -0*i - 2*i - 49, -v*i - 95 = -2*t. List the prime factors of t.
43
Suppose 22*a - 163178 + 55752 = 0. What are the prime factors of a?
19, 257
Suppose b = -5*x + 42528, 5*b + 17*x - 212684 = 14*x. What are the prime factors of b?
2, 21269
Let h(a) = a**3 + 80*a**2 + 206*a - 243. List the prime factors of h(-74).
11, 1579
List the prime factors of (-450)/(-18)*792 + -1 + 8.
29, 683
Let d(q) = 4*q - 23. Let a be d(6). Suppose -r = a, 2*p - 5*r = -0*p + 477. Suppose 4*i - 2*n - p = n, -i - 3*n = -59. List the prime factors of i.
59
Let t(v) = 1508*v**2 - 2*v - 24. Let w be t(-3). What are the prime factors of 20/8*w/45?
3, 251
Let p = 175639 - 123716. What are the prime factors of p?
137, 379
Let z = 745 + -431. Suppose d = z + 252. List the prime factors of d.
2, 283
Let w(c) be the third derivative of 0*c - 28*c**2 + 0 + 43/6*c**3 + 1/24*c**4. What are the prime factors of w(0)?
43
Let c(w) = 56*w**2 - 204 + 94 + 12*w + 39*w**2 + 89. List the prime factors of c(2).
383
Let j(v) = -9083*v + 172. List the prime factors of j(-1).
3, 5, 617
Let k(h) = -h**2 + 6*h - 6. Let q be k(2). Let r be (q/(-4))/((-5)/(-60)). Let a(w) = w**3 + 7*w**2 + w - 7. List the prime factors of a(r).
23
List the prime factors of 20391/11 + 381/1397.
2, 3, 103
Let q(b) = 732*b**2 - 9*b + 58. Let j be q(5). Suppose 26*k - j = 4411. List the prime factors of k.
2, 19, 23
Let z(s) = 94*s**2 - 76*s + 47. What are the prime factors of z(5)?
2017
Suppose 200230 = -28*f + 33*f + 5*t, -160205 = -4*f + 3*t. List the prime factors of f.
29, 1381
Let m be (2 - 12/(-9)) + (-7)/21. Suppose 5*g - 1705 = m*x, 4*g - 1364 = -x + 2*x. List the prime factors of g.
11, 31
Suppose 0 = 2*a - 297 - 407. Suppose 4*t - 2 = -w + a, w - 358 = -3*t. Suppose 5*k = w + 35. List the prime factors of k.
3
Let w be 3146/(-18) + 40/(-180). Let o be (10/w*-10)/(4/14). Suppose -4*h + z + 662 = -z, -356 = -o*h - 4*z. List the prime factors of h.
2, 3, 7
What are the prime factors of (1042/6)/(27/1620)?
2, 5, 521
Let n be -254 + (2/13 - (-341)/403). Let k = -88 - n. What are the prime factors of k?
3, 5, 11
Let f(d) = d**3 - 10*d**2 + 19*d - 15. Let s be f(8). Suppose 4*n = 2*m - 330 - 900, -s = 3*n. What are the prime factors of m?
3, 7, 29
Let q be ((-44)/6)/((-2)/135). Suppose 5*r + 3*s = 1126, s + 175 = 3*r - q. Suppose -5*t + 3*t = -r. What are the prime factors of t?
2, 7
Let j be (-16)/12*(6 - (-11583)/(-12)). Suppose j + 803 = 4*n + 2*i, 3*i = 15. List the prime factors of n.
2, 7, 37
Let a(t) be the first derivative of 48*t**2 - 35*t - 150. What are the prime factors of a(2)?
157
Suppose 180*z = -2*c + 182*z + 101976, -c = 2*z - 50997. What are the prime factors of c?
3, 23, 739
Suppose 0 = 38*g - 29*g + 9. What are the prime factors of g/((-1182)/(-198) - 6)?
3, 11
Let b = 32 - -22. Let o be (11/4 - 3) + b/24. Suppose o*h - 69 = m, 0 = 3*h + m - 34 - 62. What are the prime factors of h?
3, 11
Let z(i) = 86*i + 248. Let g be z(-8). Let k = g - -1179. List the prime factors of k.
739
Suppose 0 = 9*l + 46*l - 488620. What are the prime factors of l?
2, 2221
Let c be (-2)/(-4)*14 - (2 + 2). Suppose -6*x = c*x - 1188. List the prime factors of x.
2, 3, 11
Let b(i) = i**3 + 9*i**2 - 12*i - 16. Let q be b(-10). What are the prime factors of 185 - (9 + -7 + q)?
179
Let u = -17924 + 25666. What are the prime factors of u?
2, 7, 79
Let d = 90 - 56. Let b = d + -7. Suppose -32*t = -b*t - 1210. What are the prime factors of t?
2, 11
Suppose 5*n - 63 + 1 = -z, -5*z + 4*n + 223 = 0. Suppose -47*g + 48*g - z = 0. Suppose -5*t + 41 = 4*i, 5*t - g + 18 = -i. What are the prime factors of t?
5
Let p(u) = u**3 - 22*u**2 + 3*u + 18. Let l be p(22). Let o = 202 - l. List the prime factors of o.
2, 59
List the prime factors of 23723 + 205 + 2*(-7)/(-2) + -1.
2, 3, 3989
Let o be 13/(-26)*2748*(-2 - -1). Suppose -7*p + o = -p. List the prime factors of p.
229
Let f(r) = 1054*r**2 - 9*r + 6. List the prime factors of f(1).
1051
Let y = -66 + 77. Suppose 2*i + 7 = 5*z, -2*i + 7*i - 3*z = y. Suppose -i*c - 49 + 521 = 0. List the prime factors of c.
2, 59
Suppose -2*b - 3 = -2*l - 7, 4*l - 28 = -5*b. Suppose 5*m + l*q = 1108, -4*q + 184 = 3*m - 492. What are the prime factors of m?
2, 5, 11
Suppose 3*y = -5*k + 56830, 5*k - 3154 = -4*y + 53676. List the prime factors of k.
2, 5683
Let m be ((-2)/(-3) + -2)*(-15)/2. Let f be 3952/10 + (-2)/m. Let x = -281 + f. What are the prime factors of x?
2, 3, 19
Suppose -8034 = 16*u - 3*u. Let t = 882 + u. What are the prime factors of t?
2, 3, 11
Let l = -133 - -412. Suppose 0 = -2*v + 759 - l. What are the prime factors of v?
2, 3, 5
Suppose 0 = 5*g - 15, 14205 = 21*b - 18*b + 5*g. What are the prime factors of b?
2, 5, 11, 43
Let f(n) = -2*n + 87 + 3*n - 85. Let i be f(-1). List the prime factors of (1 - 6)*(98/(-35) - i).
19
Let d(g) be the first derivative of 8*g - 3/2*g**2 + 9 + 5*g**3 - 1/4*g**4. What are the prime factors of d(14)?
2, 3
Let l(m) = 25*m**3 + 10*m - 3. Let g be l(2). Let k = 563 - g. What are the prime factors of k?
2, 173
Suppose -3*d - 8*t = -7*t - 95088, 8*d - 253565 = -3*t. What are the prime factors of d?
31699
List the prime factors of 8132481/1512 + 9/24.
3, 11, 163
Suppose 3*u - 41216 = -10*c + 44669, -3*u = -5*c + 42920. List the prime factors of c.
31, 277
Let w(t) = -10*t - 34. Let p(q) = 12*q + 35. Let y(a) = -6*p(a) - 7*w(a). What are the prime factors of y(-6)?
2, 5
Let z(p) be the first derivative of 17*p**3/3 - 2*p**2 - 6*p + 18. Let i(o) = 9*o**2 - 2*o - 3. Let q(d) = 5*i(d) - 2*z(d). What are the prime factors of q(-2)?
3, 5
Suppose -14*y - 31535 = 21*y. Let d = y - -2836. List the prime factors of d.
3, 5, 43
Let p(k) = k**3 - 3*k**2 + 2. Let m be p(3). Suppose 2*o = -3*o + 15. List the prime factors of 2 - (m - o)*(0 + 130).
2, 3, 11
Suppose 2*w = 4, -3*x + 5*w = -2604 - 2486. Suppose -2*g - y = x, -4*g = -7*g - y - 2551. Let m = -549 - g. List the prime factors of m.
2, 151
Suppose 263*c - 258*c + 25 = 0. What are the prime factors of c + 1 + 604/4?
3, 7
Suppose 76394 - 42049 = 131*p - 179185. List the prime factors of p.
2, 5, 163
Suppose -2105 = b + 5*v - 628, 4*v + 5876 = -4*b. Let l = b - -2321. List the prime factors of l.
2, 7, 61
Let s(t) = t**3 - 11*t**2 + 7. Let k(n) be the first derivative of 11*n**4/4 + n**2/2 - n - 1. Let u be k(1). What are the prime factors of s(u)?
7
Let x be 7/(-28)*-221 - (-1)/(-4). Suppose 0 = x*c - 53*c - 368. List the prime factors of c.
2, 23
Let p(a) = 1336*a**2 - 17*a + 18. What are the prime factors of p(3)?
3, 7, 571
Suppose 41*y = -63*y + 146242 + 432726. What are the prime factors of y?
19, 293
Let x = -22755 - -58081. List the prime factors of x.
2, 17, 1039
Suppose 37728 = 23*y - 11584. List the prime factors of y.
2, 67
Let f = 520 + -551. Let h = 17 + -206. Let w = f - h. What are the prime factors of w?
2, 79
Suppose -w - 2*n - 5 = -2*w, 0 = w + n - 2. Suppose -h = 2 - 6, w*z + 3*h = 750. List the prime factors of z.
2, 3, 41
Suppose 5*i = p - 42, 2*p - 57 = 5*i + 32. Let s(k) = -185*k - 5 - 2 + p*k. What are the prime factors of s(-2)?
269
List the prime factors of 6/(432/12) + (-2665)/(-30).
89
Suppose -l + 2*n + 23 = 0, -4*n - 5 = -l + 22. Suppose 5*a - 355 = -4*w, -3*a - l = 2*w - 196. List the prime factors of w.
2, 3, 5
Let k(s) = 350*s**3 - 7*s**2 - 12*s + 51. What are the prime factors of k(3)?
2, 3, 1567
Suppose 0 = -w + 5*w + 17328. What are the prime factors of w/(-24) + 3/(-2)?
179
List the prime factors of (-27 - -23 - (-5 + 2))*(-46616 - 2).
2, 11, 13, 163
Let r = 26 + -23. Suppose -w + r*w = 330. Let c = w + -97. What are the prime factors of c?
2, 17
Let s be 91 + 2 + 6 + -3. Suppose -16*l + 15*l - 5*k + s = 0, 3*k = 2*l - 166. What are the prime factors o